 9665?
5, 1933
What are the prime factors of 66126?
2, 3, 103, 107
What are the prime factors of 51961?
7, 13, 571
List the prime factors of 507.
3, 13
List the prime factors of 1032.
2, 3, 43
What are the prime factors of 119674?
2, 53, 1129
List the prime factors of 68182.
2, 73, 467
List the prime factors of 28136.
2, 3517
List the prime factors of 12894.
2, 3, 7, 307
What are the prime factors of 104658?
2, 3, 17443
What are the prime factors of 5596?
2, 1399
List the prime factors of 68.
2, 17
List the prime factors of 9560.
2, 5, 239
What are the prime factors of 30071?
30071
What are the prime factors of 20679?
3, 61, 113
What are the prime factors of 11286?
2, 3, 11, 19
What are the prime factors of 22764?
2, 3, 7, 271
List the prime factors of 53198.
2, 67, 397
List the prime factors of 36554.
2, 7, 373
What are the prime factors of 175?
5, 7
What are the prime factors of 495?
3, 5, 11
What are the prime factors of 11253?
3, 11, 31
List the prime factors of 5383.
7, 769
List the prime factors of 18897.
3, 6299
What are the prime factors of 1467?
3, 163
List the prime factors of 12552.
2, 3, 523
What are the prime factors of 25969?
25969
What are the prime factors of 37958?
2, 18979
List the prime factors of 13392.
2, 3, 31
List the prime factors of 826.
2, 7, 59
List the prime factors of 1129.
1129
List the prime factors of 61874.
2, 30937
List the prime factors of 993.
3, 331
What are the prime factors of 538?
2, 269
What are the prime factors of 4217?
4217
List the prime factors of 5465.
5, 1093
List the prime factors of 28440.
2, 3, 5, 79
What are the prime factors of 4966?
2, 13, 191
What are the prime factors of 1331?
11
What are the prime factors of 7599?
3, 17, 149
List the prime factors of 50778.
2, 3, 7, 13, 31
What are the prime factors of 2873?
13, 17
List the prime factors of 3942.
2, 3, 73
What are the prime factors of 933?
3, 311
List the prime factors of 34620.
2, 3, 5, 577
List the prime factors of 809.
809
List the prime factors of 1198.
2, 599
List the prime factors of 927.
3, 103
List the prime factors of 53084.
2, 23, 577
What are the prime factors of 60?
2, 3, 5
What are the prime factors of 7497?
3, 7, 17
What are the prime factors of 1931?
1931
List the prime factors of 42870.
2, 3, 5, 1429
List the prime factors of 6703.
6703
List the prime factors of 8740.
2, 5, 19, 23
List the prime factors of 1011.
3, 337
What are the prime factors of 1244?
2, 311
What are the prime factors of 8644?
2, 2161
List the prime factors of 19129.
11, 37, 47
What are the prime factors of 6210?
2, 3, 5, 23
List the prime factors of 988.
2, 13, 19
List the prime factors of 8573.
8573
List the prime factors of 149.
149
What are the prime factors of 2022?
2, 3, 337
List the prime factors of 75.
3, 5
List the prime factors of 9051.
3, 7, 431
What are the prime factors of 27160?
2, 5, 7, 97
What are the prime factors of 925?
5, 37
What are the prime factors of 61993?
47, 1319
What are the prime factors of 1754?
2, 877
List the prime factors of 13989.
3, 4663
What are the prime factors of 9069?
3, 3023
What are the prime factors of 1498?
2, 7, 107
What are the prime factors of 7755?
3, 5, 11, 47
List the prime factors of 6467.
29, 223
List the prime factors of 16930.
2, 5, 1693
List the prime factors of 16406.
2, 13, 631
What are the prime factors of 1950?
2, 3, 5, 13
What are the prime factors of 33636?
2, 3, 2803
What are the prime factors of 214?
2, 107
What are the prime factors of 11942?
2, 7, 853
What are the prime factors of 25527?
3, 67, 127
List the prime factors of 1627.
1627
List the prime factors of 41692.
2, 7, 1489
List the prime factors of 12916.
2, 3229
List the prime factors of 70237.
70237
List the prime factors of 977.
977
What are the prime factors of 3441?
3, 31, 37
List the prime factors of 40800.
2, 3, 5, 17
List the prime factors of 3106.
2, 1553
What are the prime factors of 1816?
2, 227
What are the prime factors of 85010?
2, 5, 8501
What are the prime factors of 15855?
3, 5, 7, 151
List the prime factors of 90484.
2, 22621
What are the prime factors of 42973?
7, 877
What are the prime factors of 28780?
2, 5, 1439
What are the prime factors of 474?
2, 3, 79
What are the prime factors of 121501?
121501
What are the prime factors of 35733?
3, 43, 277
What are the prime factors of 1725?
3, 5, 23
What are the prime factors of 16407?
3, 1823
What are the prime factors of 39889?
113, 353
List the prime factors of 7953.
3, 11, 241
What are the prime factors of 3128?
2, 17, 23
What are the prime factors of 57925?
5, 7, 331
List the prime factors of 893.
19, 47
What are the prime factors of 1707?
3, 569
List the prime factors of 922.
2, 461
What are the prime factors of 1235?
5, 13, 19
List the prime factors of 18124.
2, 23, 197
What are the prime factors of 1126?
2, 563
List the prime factors of 241.
241
List the prime factors of 10753.
10753
What are the prime factors of 2246?
2, 1123
List the prime factors of 21147.
3, 7, 19, 53
What are the prime factors of 963?
3, 107
List the prime factors of 4001.
4001
List the prime factors of 11650.
2, 5, 233
What are the prime factors of 791?
7, 113
List the prime factors of 8766.
2, 3, 487
List the prime factors of 10738.
2, 7, 13, 59
What are the prime factors of 19734?
2, 3, 11, 13, 23
What are the prime factors of 7959?
3, 7, 379
What are the prime factors of 948?
2, 3, 79
What are the prime factors of 16256?
2, 127
What are the prime factors of 30?
2, 3, 5
What are the prime factors of 5018?
2, 13, 193
What are the prime factors of 21208?
2, 11, 241
List the prime factors of 2675.
5, 107
What are the prime factors of 9689?
9689
List the prime factors of 842.
2, 421
List the prime factors of 10220.
2, 5, 7, 73
What are the prime factors of 15589?
7, 17, 131
What are the prime factors of 937?
937
List the prime factors of 59656.
2, 7457
List the prime factors of 265.
5, 53
List the prime factors of 1217.
1217
List the prime factors of 12822.
2, 3, 2137
List the prime factors of 10041.
3, 3347
What are the prime factors of 89885?
5, 17977
List the prime factors of 44215.
5, 37, 239
List the prime factors of 399.
3, 7, 19
List the prime factors of 2014.
2, 19, 53
What are the prime factors of 419?
419
What are the prime factors of 152075?
5, 7, 11, 79
What are the prime factors of 3062?
2, 1531
What are the prime factors of 11214?
2, 3, 7, 89
List the prime factors of 79524.
2, 3, 47
What are the prime factors of 5213?
13, 401
List the prime factors of 32265.
3, 5, 239
List the prime factors of 56670.
2, 3, 5, 1889
List the prime factors of 16428.
2, 3, 37
What are the prime factors of 271?
271
List the prime factors of 92151.
3, 3413
What are the prime factors of 16179?
3, 5393
List the prime factors of 80971.
11, 17, 433
List the prime factors of 17883.
3, 1987
What are the prime factors of 16337?
17, 31
What are the prime factors of 2970?
2, 3, 5, 11
What are the prime factors of 443?
443
What are the prime factors of 1974?
2, 3, 7, 47
List the prime factors of 6120.
2, 3, 5, 17
List the prime factors of 6620.
2, 5, 331
List the prime factors of 1193.
1193
What are the prime factors of 1575?
3, 5, 7
What are the prime factors of 12086?
2, 6043
List the prime factors of 174345.
3, 5, 59, 197
What are the prime factors of 1910?
2, 5, 191
List the prime factors of 2416.
2, 151
What are the prime factors of 698?
2, 349
What are the prime factors of 11328?
2, 3, 59
List the prime factors of 21668.
2, 5417
What are the prime factors of 10858?
2, 61, 89
What are the prime factors of 95984?
2, 7, 857
List the prime factors of 7130.
2, 5, 23, 31
List the prime factors of 490.
2, 5, 7
What are the prime factors of 14295?
3, 5, 953
List the prime factors of 143.
11, 13
What are the prime factors of 1705?
5, 11, 31
List the prime factors of 63304.
2, 41, 193
List the prime factors of 46216.
2, 53, 109
What are the prime factors of 68017?
17, 4001
List the prime factors of 1700.
2, 5, 17
List the prime factors of 29449.
7, 601
What are the prime factors of 67204?
2, 53, 317
List the prime factors of 13100.
2, 5, 131
What are the prime factors of 34?
2, 17
What are the prime factors of 5266?
2, 2633
List the prime factors of 26743.
47, 569
What are the prime factors of 7523?
7523
List